{"id":1573,"date":"2020-01-13T11:17:52","date_gmt":"2020-01-13T11:17:52","guid":{"rendered":"https:\/\/demosites.io\/web-agency-gb\/?page_id=5"},"modified":"2025-03-19T18:44:42","modified_gmt":"2025-03-19T18:44:42","slug":"15c42-web-agency-gb-home","status":"publish","type":"page","link":"https:\/\/galvaomeirinhos.com\/","title":{"rendered":"Home"},"content":{"rendered":"\n<div class=\"wp-block-cover alignfull\" style=\"min-height:700px;aspect-ratio:unset;\"><span aria-hidden=\"true\" class=\"wp-block-cover__background has-background-dim-0 has-background-dim\" style=\"background-color:#718195\"><\/span><img fetchpriority=\"high\" decoding=\"async\" width=\"2556\" height=\"1019\" class=\"wp-block-cover__image-background wp-image-1800\" alt=\"\" src=\"https:\/\/galvaomeirinhos.com\/wp-content\/uploads\/2025\/03\/po.jpg\" data-object-fit=\"cover\" srcset=\"https:\/\/galvaomeirinhos.com\/wp-content\/uploads\/2025\/03\/po.jpg 2556w, https:\/\/galvaomeirinhos.com\/wp-content\/uploads\/2025\/03\/po-300x120.jpg 300w, https:\/\/galvaomeirinhos.com\/wp-content\/uploads\/2025\/03\/po-1024x408.jpg 1024w, https:\/\/galvaomeirinhos.com\/wp-content\/uploads\/2025\/03\/po-768x306.jpg 768w, https:\/\/galvaomeirinhos.com\/wp-content\/uploads\/2025\/03\/po-1536x612.jpg 1536w, https:\/\/galvaomeirinhos.com\/wp-content\/uploads\/2025\/03\/po-2048x816.jpg 2048w\" sizes=\"(max-width: 2556px) 100vw, 2556px\" \/><div class=\"wp-block-cover__inner-container is-layout-flow wp-block-cover-is-layout-flow\">\n<div style=\"height:80px\" aria-hidden=\"true\" class=\"wp-block-spacer\"><\/div>\n\n\n\n<div style=\"height:80px\" aria-hidden=\"true\" class=\"wp-block-spacer\"><\/div>\n\n\n\n<div style=\"height:80px\" aria-hidden=\"true\" class=\"wp-block-spacer\"><\/div>\n<\/div><\/div>\n\n\n\n<div style=\"height:80px\" aria-hidden=\"true\" class=\"wp-block-spacer\"><\/div>\n\n\n\n<div class=\"wp-block-cover is-light\" style=\"min-height:125px;aspect-ratio:unset;\"><span aria-hidden=\"true\" class=\"wp-block-cover__background has-background-dim\" style=\"background-color:#FFF\"><\/span><div class=\"wp-block-cover__inner-container is-layout-flow wp-block-cover-is-layout-flow\">\n<p><strong><mark style=\"background-color:rgba(0, 0, 0, 0)\" class=\"has-inline-color has-nv-dark-bg-color\">Na nossa equipa&nbsp;combinamos um profundo know-how do mercado de investimento imobili\u00e1rio nacional e internacional, com uma elevada capacidade t\u00e9cnica e de execu\u00e7\u00e3o para maximizar o retorno dos nossos clientes investidores. Atrav\u00e9s da nossa abordagem posicionamo-nos junto dos investidores como parceiros estrat\u00e9gicos ao longo de todo o ciclo de investimento imobili\u00e1rio, identificando as necessidades espec\u00edficas de cada investidor e ativo imobili\u00e1rio.<\/mark><\/strong><\/p>\n<\/div><\/div>\n\n\n\n<div class=\"wp-block-columns is-layout-flex wp-container-core-columns-is-layout-9d6595d7 wp-block-columns-is-layout-flex\">\n<div class=\"wp-block-column is-layout-flow wp-block-column-is-layout-flow\"><div class=\"wp-block-image icon-style is-style-rounded\">\n<figure class=\"alignleft size-large\"><img decoding=\"async\" src=\"https:\/\/galvaomeirinhos.com\/wp-content\/uploads\/2020\/01\/neve-webdesign-GB-03.png\" alt=\"\" class=\"wp-image-20\" title=\"\"\/><\/figure>\n<\/div>\n\n\n<div style=\"height:20px\" aria-hidden=\"true\" class=\"wp-block-spacer\"><\/div>\n\n\n\n<h3 class=\"wp-block-heading has-text-align-left has-text-align-center has-neve-text-color-color has-text-color\"><strong>ARQUITETURA, DESIGN &amp; CONSTRU\u00c7\u00c3O<\/strong><\/h3>\n\n\n\n<p class=\"has-text-align-left\">Desenvolvemos, gerimos e coordenamos projetos de arquitetura e constru\u00e7\u00e3o, integrando todos os intervenientes.<\/p>\n\n\n\n<p class=\"has-text-align-left\">Analisamos toda a informa\u00e7\u00e3o relativa \u00e0s necessidades do cliente por forma a criar um conceito, gerindo o projeto e o trajeto de desenvolvimento das nossas solu\u00e7\u00f5es imobili\u00e1rias.<\/p>\n\n\n\n<p>Organizamos e gerimos a execu\u00e7\u00e3o da obra, atrav\u00e9s de uma gest\u00e3o correta, coordenada e otimizada de todos os envolvidos.<\/p>\n\n\n\n<p>Entregamos a obra e espa\u00e7os de valor acrescentado com garantia de qualidade no resultado final.<\/p>\n\n\n\n<div style=\"height:20px\" aria-hidden=\"true\" class=\"wp-block-spacer\"><\/div>\n<\/div>\n\n\n\n<div class=\"wp-block-column is-layout-flow wp-block-column-is-layout-flow\"><div class=\"wp-block-image icon-style is-style-rounded\">\n<figure class=\"alignleft size-large\"><img decoding=\"async\" src=\"https:\/\/galvaomeirinhos.com\/wp-content\/uploads\/2020\/01\/neve-webdesign-GB-04.png\" alt=\"\" class=\"wp-image-21\"\/><\/figure>\n<\/div>\n\n\n<div style=\"height:20px\" aria-hidden=\"true\" class=\"wp-block-spacer\"><\/div>\n\n\n\n<h3 class=\"wp-block-heading has-text-align-left has-text-align-center has-neve-text-color-color has-text-color\"><strong>MARKETING &amp; NEG\u00d3CIO IMOBILI\u00c1RIO<\/strong><\/h3>\n\n\n\n<p class=\"has-text-align-left\">Atuamos em todas as \u00e1reas de neg\u00f3cio do setor imobili\u00e1rio atrav\u00e9s de uma avalia\u00e7\u00e3o global de marketing, agregando relev\u00e2ncia e contribuindo para as conquistas comerciais.<\/p>\n\n\n\n<p class=\"has-text-align-left\">O que nos diferencia, al\u00e9m de uma longa experi\u00eancia no marketing e branding imobili\u00e1rio, \u00e9 a nossa capacidade anal\u00edtica do mercado imobili\u00e1rio.<\/p>\n\n\n\n<p>Acompanhamos os nossos clientes \u2013 empresas, fundos ou particulares, em todas as fases em que o marketing \u00e9 necess\u00e1rio ao neg\u00f3cio no setor imobili\u00e1rio.<\/p>\n\n\n\n<div style=\"height:20px\" aria-hidden=\"true\" class=\"wp-block-spacer\"><\/div>\n<\/div>\n\n\n\n<div class=\"wp-block-column is-layout-flow wp-block-column-is-layout-flow\"><div class=\"wp-block-image icon-style is-style-rounded\">\n<figure class=\"alignleft size-large\"><img decoding=\"async\" src=\"https:\/\/galvaomeirinhos.com\/wp-content\/uploads\/2020\/01\/neve-webdesign-GB-01.png\" alt=\"\" class=\"wp-image-18\"\/><\/figure>\n<\/div>\n\n\n<div style=\"height:20px\" aria-hidden=\"true\" class=\"wp-block-spacer\"><\/div>\n\n\n\n<h3 class=\"wp-block-heading has-text-align-left has-text-align-center has-neve-text-color-color has-text-color\">I<strong>NVESTIMENTO &amp; AVALIA\u00c7\u00d5ES IMOBILI\u00c1RIAS<\/strong><\/h3>\n\n\n\n<p class=\"has-text-align-left\">Fazemos avalia\u00e7\u00f5es imobili\u00e1rias para diversos fins, e para todo o tipo de clientes para suportar as melhores decis\u00e3o em rela\u00e7\u00e3o a investimentos imobili\u00e1rios.<\/p>\n\n\n\n<p class=\"has-text-align-left\">Estudamos e analisamos profundamente o mercado imobili\u00e1rio e aconselhamos mediante informa\u00e7\u00e3o rigorosa e de qualidade os nossos clientes sobre investimentos em ativos imobili\u00e1rios.<\/p>\n\n\n\n<p>A nossa empresa segue os padr\u00f5es internacionais da RICS (The Royal Institution of Chartered Surveyors), e integra na sua equipa t\u00e9cnicos com forma\u00e7\u00e3o da Escola Superior de Atividades Imobili\u00e1rias e certificada pela CMVM.<\/p>\n\n\n\n<div style=\"height:20px\" aria-hidden=\"true\" class=\"wp-block-spacer\"><\/div>\n<\/div>\n<\/div>\n\n\n\n<div class=\"wp-block-cover alignfull\" style=\"min-height:700px;aspect-ratio:unset;\"><span aria-hidden=\"true\" class=\"wp-block-cover__background has-background-dim-0 has-background-dim\" style=\"background-color:#66696c\"><\/span><img decoding=\"async\" width=\"1400\" height=\"826\" class=\"wp-block-cover__image-background wp-image-1796\" alt=\"\" src=\"https:\/\/galvaomeirinhos.com\/wp-content\/uploads\/2025\/03\/interior-banner.jpg\" data-object-fit=\"cover\" srcset=\"https:\/\/galvaomeirinhos.com\/wp-content\/uploads\/2025\/03\/interior-banner.jpg 1400w, https:\/\/galvaomeirinhos.com\/wp-content\/uploads\/2025\/03\/interior-banner-300x177.jpg 300w, https:\/\/galvaomeirinhos.com\/wp-content\/uploads\/2025\/03\/interior-banner-1024x604.jpg 1024w, https:\/\/galvaomeirinhos.com\/wp-content\/uploads\/2025\/03\/interior-banner-768x453.jpg 768w\" sizes=\"(max-width: 1400px) 100vw, 1400px\" \/><div class=\"wp-block-cover__inner-container is-layout-flow wp-block-cover-is-layout-flow\">\n<div style=\"height:80px\" aria-hidden=\"true\" class=\"wp-block-spacer\"><\/div>\n\n\n\n<div style=\"height:80px\" aria-hidden=\"true\" class=\"wp-block-spacer\"><\/div>\n\n\n\n<div style=\"height:80px\" aria-hidden=\"true\" class=\"wp-block-spacer\"><\/div>\n<\/div><\/div>\n\n\n\n<div class=\"wp-block-cover alignfull\" style=\"min-height:600px;aspect-ratio:unset;\"><span aria-hidden=\"true\" class=\"wp-block-cover__background has-nv-dark-bg-background-color has-background-dim-100 has-background-dim\"><\/span><div class=\"wp-block-cover__inner-container is-layout-flow wp-block-cover-is-layout-flow\">\n<div class=\"wp-block-group\"><div class=\"wp-block-group__inner-container is-layout-flow wp-block-group-is-layout-flow\">\n<div style=\"height:80px\" aria-hidden=\"true\" class=\"wp-block-spacer\"><\/div>\n\n\n\n<div class=\"wp-block-columns is-layout-flex wp-container-core-columns-is-layout-9d6595d7 wp-block-columns-is-layout-flex\">\n<div class=\"wp-block-column is-vertically-aligned-top is-layout-flow wp-block-column-is-layout-flow\" style=\"flex-basis:50%\">\n<h2 class=\"wp-block-heading has-text-align-left has-nv-text-dark-bg-color has-text-color\">Urbanismo<\/h2>\n\n\n\n<p class=\"has-text-align-left has-nv-text-dark-bg-color has-text-color\" style=\"font-size:17px\">A nossa equipa \u00e9 especializada na determina\u00e7\u00e3o da&nbsp;viabilidade urban\u00edstica e da viabilidade de licenciamento ou legaliza\u00e7\u00e3o dos ativos imobili\u00e1rios. Fornecemos aos nossos clientes relat\u00f3rios de&nbsp;Due Diligence Urban\u00edstica com propostas de atua\u00e7\u00e3o, tendo em vista a ado\u00e7\u00e3o das melhores op\u00e7\u00f5es de licenciamento da opera\u00e7\u00e3o urban\u00edstica e \u00e0&nbsp;diminui\u00e7\u00e3o substancial do risco&nbsp;do investimento.<\/p>\n\n\n\n<p class=\"has-nv-text-dark-bg-color has-text-color has-link-color wp-elements-7a169805db4490399cf781f1fd313ff5\">Criamos&nbsp;<strong>conceitos inovadores de desenvolvimento urban\u00edstico<\/strong>, estudos e projetos na \u00e1rea do&nbsp;<strong>planeamento urbano<\/strong>, fazendo a&nbsp;<strong>gest\u00e3o e desenvolvimento de parcerias<\/strong> com entidades p\u00fablicas e privadas, desde a elabora\u00e7\u00e3o e\/ou acompanhamento de planos municipais, unidades de execu\u00e7\u00e3o, sistemas de perequa\u00e7\u00e3o, projetos de urbaniza\u00e7\u00e3o e\/ou constru\u00e7\u00e3o.<\/p>\n<\/div>\n\n\n\n<div class=\"wp-block-column is-vertically-aligned-top is-layout-flow wp-block-column-is-layout-flow\" style=\"flex-basis:50%\">\n<h2 class=\"wp-block-heading has-text-align-left has-nv-text-dark-bg-color has-text-color\">Master Plan<\/h2>\n\n\n\n<p class=\"has-text-align-left has-nv-text-dark-bg-color has-text-color\" style=\"font-size:17px\">Para que os nossos clientes possam desde cedo definir o seu investimento, desenvolvemos, sobre o rigoroso cumprimento das normas legais aplic\u00e1veis a cada caso,&nbsp;<strong>Estudos de Ocupa\u00e7\u00e3o (Master Plan<\/strong>), desenhando o futuro dos seus ativos imobili\u00e1rios, sempre na perspetiva da sua&nbsp;<strong>m\u00e1xima rentabilidade<\/strong> e valor de mercado.<\/p>\n\n\n\n<p class=\"has-text-align-left has-nv-text-dark-bg-color has-text-color\" style=\"font-size:17px\">Desenvolvemos ainda&nbsp;<strong>projetos de loteamento<\/strong>&nbsp;ou de&nbsp;<strong>edifica\u00e7\u00e3o<\/strong>, incluindo projetos de obras de urbaniza\u00e7\u00e3o, projetos de empreendimentos tur\u00edsticos ou de concretiza\u00e7\u00e3o de parques log\u00edsticos, residenciais, industriais ou de servi\u00e7os.<\/p>\n<\/div>\n<\/div>\n\n\n\n<div style=\"height:50px\" aria-hidden=\"true\" class=\"wp-block-spacer\"><\/div>\n<\/div><\/div>\n<\/div><\/div>\n\n\n\n<div class=\"wp-block-cover alignfull\" style=\"min-height:600px;aspect-ratio:unset;\"><span aria-hidden=\"true\" class=\"wp-block-cover__background has-nv-site-bg-background-color has-background-dim-100 has-background-dim\"><\/span><div class=\"wp-block-cover__inner-container is-layout-flow wp-block-cover-is-layout-flow\">\n<div class=\"wp-block-group\"><div class=\"wp-block-group__inner-container is-layout-flow wp-block-group-is-layout-flow\">\n<div style=\"height:80px\" aria-hidden=\"true\" class=\"wp-block-spacer\"><\/div>\n\n\n\n<h2 class=\"wp-block-heading has-neve-text-color-color has-text-color\"><strong>Projetos recentes<\/strong>&#8230;<\/h2>\n\n\n\n<figure class=\"wp-block-image size-full\"><img decoding=\"async\" width=\"251\" height=\"26\" src=\"https:\/\/galvaomeirinhos.com\/wp-content\/uploads\/2025\/03\/Imagem-de-17-03-25-as-11.09.jpg\" alt=\"\" class=\"wp-image-1762\"\/><\/figure>\n\n\n\n<div id=\"wp-block-themeisle-blocks-slider-07e3cadf\" class=\"wp-block-themeisle-blocks-slider glide\" data-per-view=\"1\" data-gap=\"0\" data-peek=\"0\" data-autoplay=\"true\" data-height=\"400px\" data-hide-arrows=\"false\"><div class=\"glide__track\" data-glide-el=\"track\"><div class=\"glide__slides\"><div class=\"wp-block-themeisle-blocks-slider-item-wrapper glide__slide\" tabindex=\"0\"><figure><img decoding=\"async\" class=\"wp-block-themeisle-blocks-slider-item\" src=\"https:\/\/galvaomeirinhos.com\/wp-content\/uploads\/2025\/03\/PHOTO-2025-03-11-09-12-53-2-2.jpg\" alt=\"\" title=\"\" data-id=\"1686\"\/><\/figure><\/div><div class=\"wp-block-themeisle-blocks-slider-item-wrapper glide__slide\" tabindex=\"0\"><figure><img decoding=\"async\" class=\"wp-block-themeisle-blocks-slider-item\" src=\"https:\/\/galvaomeirinhos.com\/wp-content\/uploads\/2025\/03\/PHOTO-2025-03-11-09-12-53-6.jpg\" alt=\"\" title=\"\" data-id=\"1684\"\/><\/figure><\/div><div class=\"wp-block-themeisle-blocks-slider-item-wrapper glide__slide\" tabindex=\"0\"><figure><img decoding=\"async\" class=\"wp-block-themeisle-blocks-slider-item\" src=\"https:\/\/galvaomeirinhos.com\/wp-content\/uploads\/2025\/03\/03-1.jpg\" alt=\"\" title=\"\" data-id=\"1647\"\/><\/figure><\/div><\/div><div class=\"glide__bullets\" data-glide-el=\"controls[nav]\"><button class=\"glide__bullet\" data-glide-dir=\"=0\"><\/button><button class=\"glide__bullet\" data-glide-dir=\"=1\"><\/button><button class=\"glide__bullet\" data-glide-dir=\"=2\"><\/button><\/div><\/div><\/div>\n\n\n\n<div style=\"height:29px\" aria-hidden=\"true\" class=\"wp-block-spacer\"><\/div>\n\n\n\n<figure class=\"wp-block-image size-full\"><img loading=\"lazy\" decoding=\"async\" width=\"250\" height=\"25\" src=\"https:\/\/galvaomeirinhos.com\/wp-content\/uploads\/2025\/03\/Imagem-de-17-03-25-as-11.10.jpg\" alt=\"\" class=\"wp-image-1763\"\/><\/figure>\n\n\n\n<div id=\"wp-block-themeisle-blocks-slider-a981c4da\" class=\"wp-block-themeisle-blocks-slider glide\" data-per-view=\"1\" data-gap=\"0\" data-peek=\"0\" data-autoplay=\"true\" data-height=\"400px\" data-hide-arrows=\"false\"><div class=\"glide__track\" data-glide-el=\"track\"><div class=\"glide__slides\"><div class=\"wp-block-themeisle-blocks-slider-item-wrapper glide__slide\" tabindex=\"0\"><figure><img decoding=\"async\" class=\"wp-block-themeisle-blocks-slider-item\" src=\"https:\/\/galvaomeirinhos.com\/wp-content\/uploads\/2025\/03\/2-ext-0002-scaled.jpeg\" alt=\"\" title=\"\" data-id=\"1752\"\/><\/figure><\/div><div class=\"wp-block-themeisle-blocks-slider-item-wrapper glide__slide\" tabindex=\"0\"><figure><img decoding=\"async\" class=\"wp-block-themeisle-blocks-slider-item\" src=\"https:\/\/galvaomeirinhos.com\/wp-content\/uploads\/2025\/03\/2-ext-0003-scaled.jpeg\" alt=\"\" title=\"\" data-id=\"1756\"\/><\/figure><\/div><\/div><div class=\"glide__bullets\" data-glide-el=\"controls[nav]\"><button class=\"glide__bullet\" data-glide-dir=\"=0\"><\/button><button class=\"glide__bullet\" data-glide-dir=\"=1\"><\/button><\/div><\/div><\/div>\n\n\n\n<div style=\"height:20px\" aria-hidden=\"true\" class=\"wp-block-spacer\"><\/div>\n\n\n\n<div class=\"wp-block-columns are-vertically-aligned-center is-layout-flex wp-container-core-columns-is-layout-9d6595d7 wp-block-columns-is-layout-flex\">\n<div class=\"wp-block-column is-layout-flow wp-block-column-is-layout-flow\"><\/div>\n<\/div>\n<\/div><\/div>\n<\/div><\/div>\n\n\n\n<div class=\"wp-block-cover alignfull\" style=\"min-height:420px;aspect-ratio:unset;\"><span aria-hidden=\"true\" class=\"wp-block-cover__background has-nv-light-bg-background-color has-background-dim-100 has-background-dim\"><\/span><div class=\"wp-block-cover__inner-container is-layout-flow wp-block-cover-is-layout-flow\">\n<div style=\"height:80px\" aria-hidden=\"true\" class=\"wp-block-spacer\"><\/div>\n\n\n\n<h3 class=\"wp-block-heading\"><strong>TESTEMUNHOS DE CLIENTES<\/strong><\/h3>\n\n\n\n<div class=\"wp-block-columns is-layout-flex wp-container-core-columns-is-layout-9d6595d7 wp-block-columns-is-layout-flex\">\n<div class=\"wp-block-column ticss-4ce656f1 is-layout-flow wp-block-column-is-layout-flow\">\n<figure class=\"wp-block-image size-full is-resized is-style-rounded\"><img loading=\"lazy\" decoding=\"async\" width=\"512\" height=\"512\" src=\"https:\/\/galvaomeirinhos.com\/wp-content\/uploads\/2025\/03\/iconfinder-11-avatar-2754576_120520-1.webp\" alt=\"\" class=\"wp-image-1689\" style=\"width:80px;height:80px\" srcset=\"https:\/\/galvaomeirinhos.com\/wp-content\/uploads\/2025\/03\/iconfinder-11-avatar-2754576_120520-1.webp 512w, https:\/\/galvaomeirinhos.com\/wp-content\/uploads\/2025\/03\/iconfinder-11-avatar-2754576_120520-1-300x300.webp 300w, https:\/\/galvaomeirinhos.com\/wp-content\/uploads\/2025\/03\/iconfinder-11-avatar-2754576_120520-1-150x150.webp 150w\" sizes=\"(max-width: 512px) 100vw, 512px\" \/><\/figure>\n\n\n\n<div style=\"height:24px\" aria-hidden=\"true\" class=\"wp-block-spacer\"><\/div>\n\n\n\n<p class=\"has-text-align-left has-neve-text-color-color has-text-color\">&#8220;Reconhe\u00e7o a qualidade dos profissionais da empresa no desenvolvimento do nosso projeto imobili\u00e1rio com orienta\u00e7\u00e3o comercial.&#8221;<\/p>\n\n\n\n<p class=\"has-neve-text-color-color has-text-color\"><strong>DANIELA SANTOS<\/strong><\/p>\n\n\n\n<div style=\"height:20px\" aria-hidden=\"true\" class=\"wp-block-spacer\"><\/div>\n<\/div>\n\n\n\n<div class=\"wp-block-column ticss-f6fc7494 is-layout-flow wp-block-column-is-layout-flow\">\n<figure class=\"wp-block-image size-full is-resized is-style-rounded\"><img loading=\"lazy\" decoding=\"async\" width=\"512\" height=\"512\" src=\"https:\/\/galvaomeirinhos.com\/wp-content\/uploads\/2025\/03\/iconfinder-3-avatar-2754579_120516-1.webp\" alt=\"\" class=\"wp-image-1691\" style=\"width:80px;height:80px\" srcset=\"https:\/\/galvaomeirinhos.com\/wp-content\/uploads\/2025\/03\/iconfinder-3-avatar-2754579_120516-1.webp 512w, https:\/\/galvaomeirinhos.com\/wp-content\/uploads\/2025\/03\/iconfinder-3-avatar-2754579_120516-1-300x300.webp 300w, https:\/\/galvaomeirinhos.com\/wp-content\/uploads\/2025\/03\/iconfinder-3-avatar-2754579_120516-1-150x150.webp 150w\" sizes=\"(max-width: 512px) 100vw, 512px\" \/><\/figure>\n\n\n\n<div style=\"height:24px\" aria-hidden=\"true\" class=\"wp-block-spacer\"><\/div>\n\n\n\n<p class=\"has-text-align-left has-neve-text-color-color has-text-color\">&#8220;A solu\u00e7\u00e3o proposta para o nosso projeto de urbaniza\u00e7\u00e3o e edifica\u00e7\u00e3o resultou numa solu\u00e7\u00e3o vi\u00e1vel e muito rent\u00e1vel.&#8221;<\/p>\n\n\n\n<p class=\"has-neve-text-color-color has-text-color\"><strong>PEDRO OLIVEIRA<\/strong><\/p>\n\n\n\n<div style=\"height:20px\" aria-hidden=\"true\" class=\"wp-block-spacer\"><\/div>\n<\/div>\n\n\n\n<div class=\"wp-block-column ticss-a5b4df29 is-layout-flow wp-block-column-is-layout-flow\">\n<figure class=\"wp-block-image size-full is-resized is-style-rounded\"><img loading=\"lazy\" decoding=\"async\" width=\"512\" height=\"512\" src=\"https:\/\/galvaomeirinhos.com\/wp-content\/uploads\/2025\/03\/iconfinder-8-avatar-2754583_120515-1.webp\" alt=\"\" class=\"wp-image-1695\" style=\"width:80px;height:80px\" srcset=\"https:\/\/galvaomeirinhos.com\/wp-content\/uploads\/2025\/03\/iconfinder-8-avatar-2754583_120515-1.webp 512w, https:\/\/galvaomeirinhos.com\/wp-content\/uploads\/2025\/03\/iconfinder-8-avatar-2754583_120515-1-300x300.webp 300w, https:\/\/galvaomeirinhos.com\/wp-content\/uploads\/2025\/03\/iconfinder-8-avatar-2754583_120515-1-150x150.webp 150w\" sizes=\"(max-width: 512px) 100vw, 512px\" \/><\/figure>\n\n\n\n<div style=\"height:24px\" aria-hidden=\"true\" class=\"wp-block-spacer\"><\/div>\n\n\n\n<p class=\"has-text-align-left has-neve-text-color-color has-text-color\">&#8220;Tivemos o prazer em sentir e confirmar a expertise da empresa no \u00e2mbito do nosso projeto imobili\u00e1rio.&#8221;<\/p>\n\n\n\n<p class=\"has-neve-text-color-color has-text-color\"><strong>JO\u00c3O PINTO FARIA<\/strong><\/p>\n\n\n\n<div style=\"height:20px\" aria-hidden=\"true\" class=\"wp-block-spacer\"><\/div>\n<\/div>\n<\/div>\n\n\n\n<div style=\"height:30px\" aria-hidden=\"true\" class=\"wp-block-spacer\"><\/div>\n<\/div><\/div>\n\n\n\n<div class=\"wp-block-cover alignfull is-light\" style=\"min-height:700px;aspect-ratio:unset;\"><span aria-hidden=\"true\" class=\"wp-block-cover__background has-background-dim-0 has-background-dim\" style=\"background-color:#7b99bd\"><\/span><img loading=\"lazy\" decoding=\"async\" width=\"2250\" height=\"1500\" class=\"wp-block-cover__image-background wp-image-1607\" alt=\"\" src=\"https:\/\/galvaomeirinhos.com\/wp-content\/uploads\/2025\/03\/pexels-photo-529621.webp\" data-object-fit=\"cover\" srcset=\"https:\/\/galvaomeirinhos.com\/wp-content\/uploads\/2025\/03\/pexels-photo-529621.webp 2250w, https:\/\/galvaomeirinhos.com\/wp-content\/uploads\/2025\/03\/pexels-photo-529621-300x200.webp 300w, https:\/\/galvaomeirinhos.com\/wp-content\/uploads\/2025\/03\/pexels-photo-529621-1024x683.webp 1024w, https:\/\/galvaomeirinhos.com\/wp-content\/uploads\/2025\/03\/pexels-photo-529621-768x512.webp 768w, https:\/\/galvaomeirinhos.com\/wp-content\/uploads\/2025\/03\/pexels-photo-529621-1536x1024.webp 1536w, https:\/\/galvaomeirinhos.com\/wp-content\/uploads\/2025\/03\/pexels-photo-529621-2048x1365.webp 2048w, https:\/\/galvaomeirinhos.com\/wp-content\/uploads\/2025\/03\/pexels-photo-529621-930x620.webp 930w\" sizes=\"(max-width: 2250px) 100vw, 2250px\" \/><div class=\"wp-block-cover__inner-container is-layout-flow wp-block-cover-is-layout-flow\">\n<div style=\"height:80px\" aria-hidden=\"true\" class=\"wp-block-spacer\"><\/div>\n\n\n\n<div style=\"height:80px\" aria-hidden=\"true\" class=\"wp-block-spacer\"><\/div>\n\n\n\n<div style=\"height:80px\" aria-hidden=\"true\" class=\"wp-block-spacer\"><\/div>\n<\/div><\/div>\n\n\n\n<div class=\"wp-block-cover alignfull\" style=\"min-height:300px;aspect-ratio:unset;\"><span aria-hidden=\"true\" class=\"wp-block-cover__background has-nv-dark-bg-background-color has-background-dim-100 has-background-dim\"><\/span><div class=\"wp-block-cover__inner-container is-layout-flow wp-block-cover-is-layout-flow\">\n<div style=\"height:140px\" aria-hidden=\"true\" class=\"wp-block-spacer\"><\/div>\n\n\n\n<h2 class=\"wp-block-heading has-text-align-center has-nv-text-dark-bg-color has-text-color\">Trabalhemos em conjunto na cria\u00e7\u00e3o de valor com perseveran\u00e7a, transpar\u00eancia e rigor.<\/h2>\n\n\n\n<div class=\"wp-block-buttons is-horizontal is-content-justification-center is-layout-flex wp-container-core-buttons-is-layout-499968f5 wp-block-buttons-is-layout-flex\">\n<div class=\"wp-block-button is-style-primary\"><a class=\"wp-block-button__link wp-element-button\" href=\"https:\/\/galvaomeirinhos.com\/?page_id=1576\">+ INFO<\/a><\/div>\n<\/div>\n\n\n\n<div style=\"height:140px\" aria-hidden=\"true\" class=\"wp-block-spacer\"><\/div>\n<\/div><\/div>\n\n\n\n<p><\/p>\n","protected":false},"excerpt":{"rendered":"<p>ARQUITETURA, DESIGN &amp; CONSTRU\u00c7\u00c3O Desenvolvemos, gerimos e coordenamos projetos de arquitetura e constru\u00e7\u00e3o, integrando todos os intervenientes. Analisamos toda a informa\u00e7\u00e3o relativa \u00e0s necessidades do cliente por forma a criar um conceito, gerindo o projeto e o trajeto de desenvolvimento das nossas solu\u00e7\u00f5es imobili\u00e1rias. Organizamos e gerimos a execu\u00e7\u00e3o da obra, atrav\u00e9s de uma gest\u00e3o&hellip;&nbsp;<a href=\"https:\/\/galvaomeirinhos.com\/\" rel=\"bookmark\">Ler mais &raquo;<span class=\"screen-reader-text\">Home<\/span><\/a><\/p>\n","protected":false},"author":1,"featured_media":0,"parent":0,"menu_order":0,"comment_status":"closed","ping_status":"closed","template":"","meta":{"neve_meta_sidebar":"default","neve_meta_container":"default","neve_meta_enable_content_width":"on","neve_meta_content_width":100,"neve_meta_title_alignment":"","neve_meta_author_avatar":"","neve_post_elements_order":"","neve_meta_disable_header":"","neve_meta_disable_footer":"","neve_meta_disable_title":"on","_themeisle_gutenberg_block_has_review":false,"footnotes":""},"class_list":["post-1573","page","type-page","status-publish","hentry"],"_links":{"self":[{"href":"https:\/\/galvaomeirinhos.com\/index.php?rest_route=\/wp\/v2\/pages\/1573","targetHints":{"allow":["GET"]}}],"collection":[{"href":"https:\/\/galvaomeirinhos.com\/index.php?rest_route=\/wp\/v2\/pages"}],"about":[{"href":"https:\/\/galvaomeirinhos.com\/index.php?rest_route=\/wp\/v2\/types\/page"}],"author":[{"embeddable":true,"href":"https:\/\/galvaomeirinhos.com\/index.php?rest_route=\/wp\/v2\/users\/1"}],"replies":[{"embeddable":true,"href":"https:\/\/galvaomeirinhos.com\/index.php?rest_route=%2Fwp%2Fv2%2Fcomments&post=1573"}],"version-history":[{"count":54,"href":"https:\/\/galvaomeirinhos.com\/index.php?rest_route=\/wp\/v2\/pages\/1573\/revisions"}],"predecessor-version":[{"id":1810,"href":"https:\/\/galvaomeirinhos.com\/index.php?rest_route=\/wp\/v2\/pages\/1573\/revisions\/1810"}],"wp:attachment":[{"href":"https:\/\/galvaomeirinhos.com\/index.php?rest_route=%2Fwp%2Fv2%2Fmedia&parent=1573"}],"curies":[{"name":"wp","href":"https:\/\/api.w.org\/{rel}","templated":true}]}}